{"id":9095,"date":"2025-11-13T12:21:48","date_gmt":"2025-11-13T15:21:48","guid":{"rendered":"https:\/\/radioterrafm.com\/site\/?page_id=9095"},"modified":"2025-12-09T02:46:46","modified_gmt":"2025-12-09T05:46:46","slug":"a-radio-terra-fm","status":"publish","type":"page","link":"https:\/\/radioterrafm.com\/site\/a-radio-terra-fm\/","title":{"rendered":"A R\u00e1dio Terra FM"},"content":{"rendered":"<h3 data-start=\"256\" data-end=\"302\"><strong data-start=\"264\" data-end=\"300\"><br \/>\nQuem Somos \u2014 R\u00e1dio Terra FM &#8211; <\/strong><strong data-start=\"264\" data-end=\"300\">\u00a0R\u00e1dio Sertaneja Online<\/strong><\/h3>\n<p data-start=\"303\" data-end=\"335\"><strong data-start=\"303\" data-end=\"333\">A Casa da M\u00fasica Sertaneja<\/strong><\/p>\n<p data-start=\"337\" data-end=\"590\">A R\u00e1dio Terra FM 98.1 \u00e9 a emissora que mant\u00e9m viva a ess\u00eancia do Brasil atrav\u00e9s da m\u00fasica sertaneja. De S\u00e3o Paulo para o cora\u00e7\u00e3o de todos os ouvintes, somos <strong data-start=\"494\" data-end=\"526\">\u201cA Casa da M\u00fasica Sertaneja\u201d<\/strong>, um espa\u00e7o onde tradi\u00e7\u00e3o e emo\u00e7\u00e3o se encontram todos os dias.<\/p>\n<p data-start=\"592\" data-end=\"793\">Nossa programa\u00e7\u00e3o celebra o <strong data-start=\"620\" data-end=\"638\">sertanejo raiz<\/strong>, aquele que conta hist\u00f3rias, fala de amor, da vida simples e das origens do nosso povo. Aqui, a viola tem voz, a cultura tem espa\u00e7o e o ouvinte tem vez.<\/p>\n<p data-start=\"795\" data-end=\"1057\">Mais do que uma r\u00e1dio, somos companhia no carro, na estrada, no trabalho e em casa. Cada locu\u00e7\u00e3o, cada can\u00e7\u00e3o e cada mensagem \u00e9 feita para criar uma liga\u00e7\u00e3o verdadeira com quem nos ouve. Na Terra FM, o campo e a cidade se unem no mesmo som: o da autenticidade.<\/p>\n<p data-start=\"1059\" data-end=\"1114\">R\u00e1dio Terra FM 98.1 \u2014 <strong data-start=\"1081\" data-end=\"1111\">A Casa da M\u00fasica Sertaneja<\/strong>.<\/p>\n<p>R\u00e1dio Sertaneja Ao Vivo, R\u00e1dio Sertaneja Online, R\u00e1dio de Moda de Viola, R\u00e1dio Sertaneja, R\u00e1dio de M\u00fasica Raiz, R\u00e1dio Online, R\u00e1dio Ao Vivo.<\/p>\n<hr data-start=\"1116\" data-end=\"1119\" \/>\n<h3 data-start=\"1121\" data-end=\"1203\"><strong data-start=\"1128\" data-end=\"1201\">Para Anunciantes \u2014 Conecte sua marca com o p\u00fablico que sente o Brasil<\/strong><\/h3>\n<p data-start=\"1204\" data-end=\"1406\">Na Terra FM 98.1, o seu an\u00fancio fala com quem vive e respira a m\u00fasica sertaneja. S\u00e3o ouvintes fi\u00e9is, apaixonados por suas tradi\u00e7\u00f5es, que valorizam marcas pr\u00f3ximas, confi\u00e1veis e presentes no dia a dia.<\/p>\n<p data-start=\"1408\" data-end=\"1454\"><strong data-start=\"1408\" data-end=\"1452\">Por que anunciar na R\u00e1dio Terra FM 98.1:<\/strong><\/p>\n<ul data-start=\"1455\" data-end=\"2152\">\n<li data-start=\"1455\" data-end=\"1567\">\n<p data-start=\"1457\" data-end=\"1567\">\ud83c\udfaf <strong data-start=\"1460\" data-end=\"1478\">Alcance certo:<\/strong> cobertura em toda a Grande S\u00e3o Paulo e presen\u00e7a crescente em outras regi\u00f5es do estado.<\/p>\n<\/li>\n<li data-start=\"1568\" data-end=\"1714\">\n<p data-start=\"1570\" data-end=\"1714\">\u2764\ufe0f <strong data-start=\"1573\" data-end=\"1619\">Audi\u00eancia fiel e emocionalmente conectada:<\/strong> o p\u00fablico da Terra FM \u00e9 participativo, interage e presta aten\u00e7\u00e3o a tudo o que \u00e9 transmitido.<\/p>\n<\/li>\n<li data-start=\"1715\" data-end=\"1884\">\n<p data-start=\"1717\" data-end=\"1884\">\ud83c\udfb5 <strong data-start=\"1720\" data-end=\"1753\">Programa\u00e7\u00e3o que cria v\u00ednculo:<\/strong> o sertanejo raiz, aliado a uma comunica\u00e7\u00e3o calorosa, faz com que cada intervalo comercial seja recebido com empatia e confian\u00e7a.<\/p>\n<\/li>\n<li data-start=\"1885\" data-end=\"2023\">\n<p data-start=\"1887\" data-end=\"2023\">\ud83d\udcfb <strong data-start=\"1890\" data-end=\"1919\">Tradi\u00e7\u00e3o e credibilidade:<\/strong> d\u00e9cadas de presen\u00e7a no ar, construindo relacionamento e credibilidade junto aos ouvintes e parceiros.<\/p>\n<\/li>\n<li data-start=\"2024\" data-end=\"2152\">\n<p data-start=\"2026\" data-end=\"2152\">\ud83d\udcac <strong data-start=\"2029\" data-end=\"2052\">Formatos flex\u00edveis:<\/strong> spots, men\u00e7\u00f5es em programas, promo\u00e7\u00f5es e a\u00e7\u00f5es personalizadas que aproximam sua marca do p\u00fablico.<\/p>\n<\/li>\n<\/ul>\n<p data-start=\"2154\" data-end=\"2321\">Anunciar na R\u00e1dio Terra FM 98.1 \u00e9 <strong data-start=\"2188\" data-end=\"2237\">investir em um meio com alma, voz e resultado<\/strong>.<br data-start=\"2238\" data-end=\"2241\" \/>Leve sua marca para o cora\u00e7\u00e3o do Brasil \u2014 <strong data-start=\"2283\" data-end=\"2321\">aqui, na Casa da M\u00fasica Sertaneja.<\/strong><\/p>\n<p>R\u00e1dio Sertaneja Ao Vivo, R\u00e1dio Sertaneja Online, R\u00e1dio de Moda de Viola, R\u00e1dio Sertaneja, R\u00e1dio de M\u00fasica Raiz, R\u00e1dio Online, R\u00e1dio Ao Vivo.<\/p>\n","protected":false},"excerpt":{"rendered":"<p>Quem Somos \u2014 R\u00e1dio Terra FM &#8211; \u00a0R\u00e1dio Sertaneja Online A Casa da M\u00fasica Sertaneja A R\u00e1dio Terra FM 98.1 \u00e9 a emissora que mant\u00e9m viva a ess\u00eancia do Brasil atrav\u00e9s da m\u00fasica sertaneja. De S\u00e3o Paulo para o cora\u00e7\u00e3o de todos os ouvintes, somos \u201cA Casa da M\u00fasica Sertaneja\u201d, ...<\/p>\n","protected":false},"author":1,"featured_media":0,"parent":0,"menu_order":0,"comment_status":"closed","ping_status":"closed","template":"elementor_theme","meta":{"pagelayer_contact_templates":[],"_pagelayer_content":"","footnotes":""},"class_list":["post-9095","page","type-page","status-publish","hentry"],"jetpack_sharing_enabled":true,"_links":{"self":[{"href":"https:\/\/radioterrafm.com\/site\/wp-json\/wp\/v2\/pages\/9095","targetHints":{"allow":["GET"]}}],"collection":[{"href":"https:\/\/radioterrafm.com\/site\/wp-json\/wp\/v2\/pages"}],"about":[{"href":"https:\/\/radioterrafm.com\/site\/wp-json\/wp\/v2\/types\/page"}],"author":[{"embeddable":true,"href":"https:\/\/radioterrafm.com\/site\/wp-json\/wp\/v2\/users\/1"}],"replies":[{"embeddable":true,"href":"https:\/\/radioterrafm.com\/site\/wp-json\/wp\/v2\/comments?post=9095"}],"version-history":[{"count":4,"href":"https:\/\/radioterrafm.com\/site\/wp-json\/wp\/v2\/pages\/9095\/revisions"}],"predecessor-version":[{"id":9261,"href":"https:\/\/radioterrafm.com\/site\/wp-json\/wp\/v2\/pages\/9095\/revisions\/9261"}],"wp:attachment":[{"href":"https:\/\/radioterrafm.com\/site\/wp-json\/wp\/v2\/media?parent=9095"}],"curies":[{"name":"wp","href":"https:\/\/api.w.org\/{rel}","templated":true}]}}

A Rádio Terra FM

<h3 data-start="256" data-end="302"><strong data-start="264" data-end="300"><br />
Quem Somos — Rádio Terra FM &#8211; </strong><strong data-start="264" data-end="300"> Rádio Sertaneja Online</strong></h3>
<p data-start="303" data-end="335"><strong data-start="303" data-end="333">A Casa da Música Sertaneja</strong></p>
<p data-start="337" data-end="590">A Rádio Terra FM 98.1 é a emissora que mantém viva a essência do Brasil através da música sertaneja. De São Paulo para o coração de todos os ouvintes, somos <strong data-start="494" data-end="526">“A Casa da Música Sertaneja”</strong>, um espaço onde tradição e emoção se encontram todos os dias.</p>
<p data-start="592" data-end="793">Nossa programação celebra o <strong data-start="620" data-end="638">sertanejo raiz</strong>, aquele que conta histórias, fala de amor, da vida simples e das origens do nosso povo. Aqui, a viola tem voz, a cultura tem espaço e o ouvinte tem vez.</p>
<p data-start="795" data-end="1057">Mais do que uma rádio, somos companhia no carro, na estrada, no trabalho e em casa. Cada locução, cada canção e cada mensagem é feita para criar uma ligação verdadeira com quem nos ouve. Na Terra FM, o campo e a cidade se unem no mesmo som: o da autenticidade.</p>
<p data-start="1059" data-end="1114">Rádio Terra FM 98.1 — <strong data-start="1081" data-end="1111">A Casa da Música Sertaneja</strong>.</p>
<p>Rádio Sertaneja Ao Vivo, Rádio Sertaneja Online, Rádio de Moda de Viola, Rádio Sertaneja, Rádio de Música Raiz, Rádio Online, Rádio Ao Vivo.</p>
<hr data-start="1116" data-end="1119" />
<h3 data-start="1121" data-end="1203"><strong data-start="1128" data-end="1201">Para Anunciantes — Conecte sua marca com o público que sente o Brasil</strong></h3>
<p data-start="1204" data-end="1406">Na Terra FM 98.1, o seu anúncio fala com quem vive e respira a música sertaneja. São ouvintes fiéis, apaixonados por suas tradições, que valorizam marcas próximas, confiáveis e presentes no dia a dia.</p>
<p data-start="1408" data-end="1454"><strong data-start="1408" data-end="1452">Por que anunciar na Rádio Terra FM 98.1:</strong></p>
<ul data-start="1455" data-end="2152">
<li data-start="1455" data-end="1567">
<p data-start="1457" data-end="1567">🎯 <strong data-start="1460" data-end="1478">Alcance certo:</strong> cobertura em toda a Grande São Paulo e presença crescente em outras regiões do estado.</p>
</li>
<li data-start="1568" data-end="1714">
<p data-start="1570" data-end="1714">❤️ <strong data-start="1573" data-end="1619">Audiência fiel e emocionalmente conectada:</strong> o público da Terra FM é participativo, interage e presta atenção a tudo o que é transmitido.</p>
</li>
<li data-start="1715" data-end="1884">
<p data-start="1717" data-end="1884">🎵 <strong data-start="1720" data-end="1753">Programação que cria vínculo:</strong> o sertanejo raiz, aliado a uma comunicação calorosa, faz com que cada intervalo comercial seja recebido com empatia e confiança.</p>
</li>
<li data-start="1885" data-end="2023">
<p data-start="1887" data-end="2023">📻 <strong data-start="1890" data-end="1919">Tradição e credibilidade:</strong> décadas de presença no ar, construindo relacionamento e credibilidade junto aos ouvintes e parceiros.</p>
</li>
<li data-start="2024" data-end="2152">
<p data-start="2026" data-end="2152">💬 <strong data-start="2029" data-end="2052">Formatos flexíveis:</strong> spots, menções em programas, promoções e ações personalizadas que aproximam sua marca do público.</p>
</li>
</ul>
<p data-start="2154" data-end="2321">Anunciar na Rádio Terra FM 98.1 é <strong data-start="2188" data-end="2237">investir em um meio com alma, voz e resultado</strong>.<br data-start="2238" data-end="2241" />Leve sua marca para o coração do Brasil — <strong data-start="2283" data-end="2321">aqui, na Casa da Música Sertaneja.</strong></p>
<p>Rádio Sertaneja Ao Vivo, Rádio Sertaneja Online, Rádio de Moda de Viola, Rádio Sertaneja, Rádio de Música Raiz, Rádio Online, Rádio Ao Vivo.</p>

<p>Quem Somos — Rádio Terra FM &#8211;  Rádio Sertaneja Online A Casa da Música Sertaneja A Rádio Terra FM 98.1 é a emissora que mantém viva a essência do Brasil através da música sertaneja. De São Paulo para o coração de todos os ouvintes, somos “A Casa da Música Sertaneja”, ...</p>
